- 75 - 80 - (2 + 6 + -1).
-125
Evaluate (5 - (0 + 3) - 1) + (49 + -95 - -12).
-33
What is (-7 + (-3 - (-16 - -12)) - -12) + -1 + -111?
-106
Calculate (-124 - (-192 + 60) - (-3 - 0)) + (-1 - 66).
-56
What is 13 + (-17 - (2 + 11 - 16)) + 41?
40
-105 + 42 - -55 - -45
37
Calculate 4448 - 4450 - (-74 + 2).
70
What is the value of -131 - (44 - (23 + -19 + 28))?
-143
What is the value of 215 + -231 + -8 + 2 - -28?
6
Calculate 421 + -307 + -153 - (-77 + 1).
37
What is 27 - 1 - (-32 - (57 + -152))?
-37
(0 + -17 - -18) + 48
49
What is the value of 0 + (1 + 3 - 4) - (-1339 - -1366)?
-27
Evaluate ((0 - -19) + -8 - (0 - 1)) + (20 - 44).
-12
Calculate 17 - -1 - (91 + (-71 - 18)).
16
Calculate 7 - (27 + 12) - -49 - -16.
33
What is the value of 23 + -11 + -5 - ((108 - 98) + (-72 - -1))?
68
18 + (163 - 85 - 100)
-4
What is the value of 34 + (-17 + -34 - -9)?
-8
What is 22 - ((0 - 6) + 22 + -45)?
51
What is 71 - (13 - (26 + -13)) - 7?
64
-2 - 54 - (11 - (5 + (2 - 9 - -9)))
-60
Calculate 9 - (-50 + (29 + -2 - (-17 - -31))).
46
Evaluate -230 + 271 + (-2 - 71) + 42.
10
Calculate -2 - (5 + 25 + -60 + -12 + 0) - 13.
27
Evaluate -8 - (-15 - (23 - 6)) - -20.
44
Calculate -2 + -86 + -1 + 22 + 15 + (3 - 33).
-82
What is the value of -772 + 772 + 0 + 30?
30
Evaluate -29 + 10 + 12 + -6 - (3 + -78).
62
(5 - 1 - (-72 - (3 - 94))) + -2 + -110
-127
Calculate -4234 + 4357 - (161 + -1).
-37
3 + 5 + -261 + 216
-37
What is 86 + (-14 - (9 + -31 + 6 - -6))?
82
Calculate 90 - ((-131 - 17) + 130).
108
What is the value of -8 - (-12 - 10) - ((4 - 0) + -11)?
21
Evaluate (-205 - (-81 + -15)) + 114.
5
4 + 23 + (-40 - -24) + -20 - (-2 + -42)
35
Calculate -37 - (-49 - -51) - -1.
-38
What is the value of (27 - (9 + -18)) + -20 - 4?
12
(-52 + 51 - -25) + -50
-26
What is the value of -11 + (1 - 1) - (-131 - (-179 - -89))?
30
Evaluate -32 + -62 + 76 + (161 - 12).
131
90 + 25 + (-100 - -40) - (-1 + (0 - -4))
52
Evaluate 47 + -56 + 10 + 4 + (-4 - -3).
4
Calculate (-15 - -4 - (7 - 21)) + -71 + 23.
-45
What is 5 + -50 + 37 + -23?
-31
What is the value of 20 + -3 - (1089 - 1013)?
-59
What is (-81 - (-47 - -80)) + -5?
-119
What is the value of -14 - -23 - (1 + -11 + -10)?
29
Evaluate 16 - ((-51 - -95) + -12).
-16
3 + (-1 - -43) + (-6 - (22 + -21))
38
(2 + -35 - (-13 + 20 + 1 - -2)) + -9
-52
Evaluate -464 + 486 + (-12 + 9 - (-2 - -1)).
20
-40 + (1 - (12 - 21 - 1 - -16))
-45
(667 - 614 - (58 - -1)) + -73 + 2
-77
What is the value of -215 + 85 - -356 - 130?
96
Evaluate -50 - (-5 + 20 - (1 - ((-3 - -6) + -7))).
-60
What is the value of 5 + -17 + -97 - (-367 - -377)?
-119
What is -73 - (19 - (2 + (6 - 9)))?
-93
What is (0 - 0 - (0 + -6)) + (-4100 - -4124)?
30
Evaluate 116 + -1 + -681 + 683 - 40.
77
1 + -80 - (-195 + 106)
10
What is -6 + (96 - 1) + (248 - 248) + -3?
86
84 + -41 + 5 - -5
53
Evaluate (-18 - (-19 - (-13 + 10)) - -3) + (22 - 2).
21
(3 - 1) + (-26 + 27 - (1 + 11)) + 11
2
Calculate 42 - (1616 + -1588 + 25 + 0).
-11
What is the value of 5 + -204 + 56 + 210?
67
What is -33 + (102 - 122 - -82)?
29
What is 82 + (18 - (43 + -5 - 9))?
71
What is (-38 - 388) + 384 + (-4 - (-3 + 2 - -2))?
-47
What is -15 + (-20 - -34) + 6 + (-12 - -1)?
-6
Evaluate 176 + (43 - (244 - 117)).
92
(-109 - -71 - -40) + (22 - -8)
32
Evaluate 23 + 1 - (-324 + 390).
-42
-133 + 32 + 3 + 43
-55
What is the value of -54 + 120 + -66 + -94?
-94
(-40 - 1) + 15 + -18 + 17 - -15 - 55
-67
What is the value of -59 + (33 - -83) - (-1 + -6)?
64
What is the value of 2 + 7 + -9 - (-95 - -70)?
25
Calculate 3 - 9 - (5 + 13 + -6 + -5) - -9.
-4
Evaluate 5565 - 5500 - (2 - -158).
-95
Calculate 113 + 73 + -58 + -78.
50
Evaluate (21 - 72 - -25) + 26 - ((39 - 0) + 0).
-39
(74 - 32) + -39 - ((-1 - -1) + 7)
-4
Calculate 18 + 29 - (-87 + 177).
-43
Evaluate 4 + -6 - (-6 + (17 + 6 - 9)).
-10
What is -9452 + 9448 + (-38 - 0)?
-42
What is the value of -27 + (-6 - (-11 + -17)) - (-50 - 3 - 0)?
48
What is the value of (3 - (-83 + -3)) + (129 - (107 - -39))?
72
Calculate (-8 - (18 + -32) - 14) + -25.
-33
Evaluate -70 - (-14 - (14 + -8)) - -7.
-43
Calculate -290 - -145 - -303 - 198.
-40
(-2 - -4) + (4 - 14) + (18 - 12)
-2
What is (-45 - -40 - 35) + 3 + -2?
-39
What is -1 + 0 + (58 - 10) - (-9 + -3 + 5)?
54
Evaluate 14 + (-18 + 16 - 13 - -7) - -142.
148
Evaluate -33 + (-2 - 0) - (-2234 - -2204).
-5
Evaluate (-4 - (4 + -2 + 15 - 15)) + (1 - -96).
91
Evaluate 34 + -28 - (-129 + 79).
56
77 + -86 - ((0 - 0 - -2) + (26 - 85))
48
What is (-34 - 10) + 30 - (-3 + -4 + -56)?
49
What is -119 + 150 - (24 + -35)?
42
Evaluate (-243 - -249) + (-1 - 8).
-3
(-2 - -65) + 0 - (21 - (0 + -4) - 35)
73
What is the value of -67 - 1 - (23 + -8 + -45 + 39)?
-77
What is 16 - (-2 + 48 + 21 + -11)?
-40
Calculate 3 - (-17 + 18 + 7 - 37).
32
What is the value of 0 + 13 - (66 + 67 - -19) - -13?
-126
What is 4 + (-18 + 52 - 17) + 4?
25
-12 + -37 + 51 + 11
13
What is the value of -12 - -1 - (84 + -399 - -255)?
49
Calculate -37 - ((9 - 16) + -1 + 18 - 18).
-29
Evaluate 2 + -83 + (699 - 721) + 14.
-89
Calculate 14 + (-1 + -21 - (162 - 167)) + 15.
12
Evaluate 163 - (81 - -70) - (-1 + 69).
-56
What is the value of (267 - 308) + (0 - -76)?
35
What is (38 - -40 - 56) + 12?
34
Calculate -1 + 2 - (-5 + (-19 - -18)).
7
What is the value of (-42 - (2 - -6 - (20 - 14))) + 2?
-42
Evaluate -10 + 5 - -20 - ((0 - -17) + -25).
23
-277 - (-68 - 14) - -137
-58
Calculate 9 + 3 - (44 + 2).
-34
Calculate (111 - 109 - -100) + -141.
-39
What is (-138 - -11) + (36 - (-10 - -5))?
-86
Calculate -7 - (0 - (1 - -7)) - (-28 + 46 + 63).
-80
Evaluate (0 - -8) + (21 - (3 + -4 + -29)).
59
(-6 - (-3 + 105) - -10) + 1 + -8 - 0
-105
Evaluate -19 - (-16 + 2 - -11) - 78.
-94
What is -98 + -30 + -24 + 14 + -5?
-143
-7 - (-3 - 3) - ((-49 - -73) + -49)
24
What is the value of -179 + (119 - 62) + (0 - (-18 + 4 + 0))?
-108
1 + 4 - (-10 + -7 + 15) - (184 - 36)
-141
What is the value of 2493 + -2647 + (-2 - (2 + (-5 - 3))) + 12?
-138
Evaluate 74 - (0 + 4) - (63 + -58) - 3.
62
What is 22 + -45 + -32 + -27?
-82
Calculate (-9 + 40 - 22) + 110 + -22 - -4.
101
What is 43 + (-9 - 2) + (-35 - -19 - -14)?
30
Calculate (19 - 1 - 21 - (11 - 3)) + 9.
-2
54 + 33 + (-92 - -66)
61
Calculate 64 + (-2 - 4) + (-2 - -4) + (-157 - -160).
63
What is (-5 - -24 - 2) + (536 - 513)?
40
Calculate (-19 - -10) + 12 - (-9 + -31) - 13.
30
-58 + 77 + (67 - 42)
44
Evaluate 15 - 63 - (16 + -1 + -5 + 2).
-60
Evaluate -72 - (4 + 35) - (1 + -50).
-62
(-4 - -2 - (-19 + 29 - (3 + 13))) + 28
32
Evaluate 47 + 10 + 13 + -41 + (-24 - -38).
43
Evaluate 751 + -704 - (-1 - 9).
57
Calculate -4 + (0 - -15) - ((31 - 2) + -1 + -6).
-11
22 + (82 - 20) + 4
88
What is (1 + 2 - 4) + (-2 - ((83 - 6) + -12))?
-68
What is the value of -7 - ((21 - -12) + -11 + -37)?
8
What is -2 + 4 - -10 - (11 + -52 - (-139 + 28))?
-58
What is (-3 - -1) + 2 - (32 - (13 + -6))?
-25
What is the value of -33 + 168 + 12 + -38 + -1?
108
Calculate 22 - (113 + 90 + -130).
-51
Evaluate 15 - 2 - (32 - (-4 - (5 - 91))).
63
Calculate -67 - ((-1 - -21) + (-9 + -18 - -15) + -1).
-74
What is 1173 + -1142 + (-28 - -1) - (-2 + -1 - -1)?
6
What is -14 - 97 - (-6 + 2 + 8 - 13 - 0)?
-102
What is (2 - (10 - 26) - 22) + 41?
37
What is the value of 33 + (-3 - 5) - (3 - 12) - 13?
21
Calculate (-17 + 7 - -98) + (-28 - -11) + 6.
77
Evaluate -35 + 42 - (-54 + 143).
-82
Evaluate (4 - (3 - 4)) + (-21 - (0 + -8 - 13)).
5
Calculate -7 + -12 + 37 - (10 + -41).
49
Calculate -88 + 12 + 59 + 76 + -9.
50
What is the value of -4761 + 4766 + -58 + 1?
-52
What is 87 - 51 - (-5 + -8 + 24)?
25
Calculate -9 + 20 + 54 + -2 + -5 + -1 + -4.
53
5 + -2 + -27 + (-3 - -50)
23
Calculate (14 - 1 - 1) + (177750 - 177905).
-143
Evaluate 0 + (70 - 59 - 11) - (10 + (0 - -1)).
-11
What is the value of -33 - (-50 + 9 - (4 + -23))?
-11
Calculate -4 - (12 - (-9 + -12 - -31)).
-6
Evaluate -14 - (-88 + -12 - -138).
-52
What is (92 - 94 - -99) + -49?
48
Calculate -59 + (26 - (-40 + 115 + -43)).
-65
Evaluate -18 + (3 - -5) + 4 + 52 + -61.
-15
Evaluate (3 - 1) + -89 + 94 + (6 - -46).
59
Calculate 11 + (19 - 71) - (-1 + (-8 - -9) + -8).
-33
Evaluate (1 - 76 - -2) + 6038 + -6036.
-71
(55 - (-27 + -12)) + -26
68
47 + -1 - (1954 - 1956)
48
Evaluate 30 + -5 + (17 - 45) + 15.
12
Calculate (84 - 209) + 247 + -125.
-3
-3 - 11 - (26 + -13 - 15) - -52
40
Evaluate (48 - (103